hen y(3) is divided by j?
1
Let x = -73 + 131. Suppose 6*t - 3*t - 40 = 4*m, 4*t - 60 = 4*m. Calculate the remainder when x is divided by t.
18
Let v(h) = h**3 + 3*h**2 - 4*h + 4. Let y = -7 - -3. Calculate the remainder when 11 is divided by v(y).
3
Let f = 0 - -23. Let w be (42/(-9))/((-8)/12). Suppose -w*c = -2*c + z - 45, 36 = 2*c + 4*z. What is the remainder when f is divided by c?
7
Let q = 21 + -7. Let p(n) = n**3 + 5*n**2 + 2*n + 6. What is the remainder when p(-4) is divided by 33/7 - (-4)/q?
4
Let p(y) = -y**3 + 13*y**2 - 9*y - 14. Calculate the remainder when p(12) is divided by 6.
4
Suppose 2*m - 149 + 33 = 0. Calculate the remainder when m is divided by 12.
10
Calculate the remainder when (0 - 1)/(4/(-60)) is divided by 5.
0
Let c be (-3 + 0)*(-8)/(-12). What is the remainder when 43 is divided by ((-15)/c)/((-2)/(-4))?
13
Let b(g) = g**2 - g - 33. Let r be b(0). Let s = 22 + r. Let j = s - -23. Calculate the remainder when 22 is divided by j.
10
Suppose -k = -v - 12, 5*v - 3*k + 0*k + 70 = 0. Let o = v - -80. Let r = -34 + o. What is the remainder when r is divided by 15?
14
Calculate the remainder when 3/3 + 20/1 is divided by ((-4)/6)/((-3)/27).
3
Let l be (-6)/18*(-6 + 0). Suppose 5 = l*j - j. What is the remainder when 14 is divided by j?
4
Let l be 14/(-10) + 2/5. Let s be l - (2 + -8 + 1). Calculate the remainder when (2 + -1)*(s + 3) is divided by 3.
1
Let p be -1 + 2 - (1 - 16). Suppose p = -2*d + 6*d. Let z(m) = -m + 5. Calculate the remainder when z(-6) is divided by d.
3
Suppose d = -4*n + 260, -d = n - 6*d - 44. What is the remainder when n is divided by 33?
31
Let t = -19 + 34. Calculate the remainder when t is divided by 6.
3
Suppose -2*t + 6 + 14 = -2*a, 2*a + 3*t + 40 = 0. Calculate the remainder when 8/(-3)*189/a is divided by 13.
10
Let h = -2 - -3. Let b(y) = h - 3 - 1 + 2*y. Calculate the remainder when b(2) is divided by 1.
0
Suppose 0 = -i + 2*x - 1, 3*i - 4*x + 0 - 3 = 0. Let p(v) = v**3 - 5*v**2 + 4*v + 6. What is the remainder when p(i) is divided by (4/3)/(104/702)?
8
Let i = -11 + 21. Suppose -4*m - i = -b - 2*b, -3*b = -2*m - 14. What is the remainder when 21 is divided by b?
3
Suppose -2*c - 4*j + j = -23, -5*c + 70 = 5*j. What is the remainder when 35 is divided by c?
16
Let q = -22 - -39. Let l be 1*-146*(-2)/4. Let r = l - 24. What is the remainder when r is divided by q?
15
Suppose -3*d - 7 + 31 = 0. What is the remainder when 15 is divided by d?
7
Let o be (-2 + (-6)/(-3))/1. Suppose -5*t - 64 + 184 = o. Calculate the remainder when t is divided by 9.
6
Let z(r) = -r**2 - 10*r + 4. Let s = -3 - -4. Calculate the remainder when 43/4 - s/(-4) is divided by z(-10).
3
Let s = 22 + -10. Let k = 17 - s. Suppose k*r - 2*r = 21. What is the remainder when 18 is divided by r?
4
Suppose -2*b + 14 = 4*c, -24 = -2*c - 2*c - 4*b. What is the remainder when c is divided by 1?
0
Suppose -4*y = -5*y + 2*l + 27, -4*y + 2*l = -114. Let a = 40 - y. What is the remainder when 30 is divided by a?
8
Suppose o = 5*o. Let i be (-3 + o)*6/(-9). What is the remainder when 5 is divided by i/(-1*2 + 3)?
1
Let w = 156 - 130. Calculate the remainder when 50 is divided by w.
24
Suppose 3*x + 2*z - 1121 = 0, 4*z = x - 192 - 177. What is the remainder when x is divided by 11?
10
Suppose 4*i + 20 = 0, 2*x + 2*i = -2*i - 10. Suppose -q - 2*q + x = 2*r, -2*r = -2*q. What is the remainder when r is divided by 1?
0
Suppose -k + 2*t = -12, -3*k + 3*t + 0 = -36. What is the remainder when k is divided by 7?
5
Let v(i) = 91*i**3 - i + 2. Calculate the remainder when v(1) is divided by 31.
30
Suppose 4*h + 4*a + a - 7 = 0, h = -a + 2. Calculate the remainder when 16 is divided by (-2)/h - (-87)/9.
7
Calculate the remainder when 17*(5 + 2/1) is divided by 40.
39
Suppose 68 + 132 = 5*f. Suppose -5*q - 4*u + 0*u = 95, 3*u + 30 = -q. Let j = -1 - q. Calculate the remainder when f is divided by j.
12
Let x(h) = h**2 - h - 13. What is the remainder when x(6) is divided by 7?
3
Let b(g) = -g**3 + 5*g**2 + 6. Calculate the remainder when 21 is divided by b(5).
3
Suppose -66 = -c - c. Let n be (-99)/(-15) + (-2)/(-5). Suppose n*h - 4*h = 4*a - 83, 2*a + h = 29. Calculate the remainder when c is divided by a.
16
Let v = -2 - -19. Calculate the remainder when 32 is divided by v.
15
Suppose 5*r - 10 = 25. What is the remainder when 18 is divided by 21/4 - r/28?
3
Suppose -5*j - 7*y + 287 = -5*y, -2*y - 244 = -4*j. What is the remainder when j is divided by 16?
11
Let a be (-60)/3*(-1)/4. Let m = 10 - a. Let n(c) = c**3 + 6*c**2 - c + 2. What is the remainder when n(-6) is divided by m?
3
Let y be 2/(-9) - 868/(-18). Let j be (2/(-4))/((-6)/y). Suppose -4*r - j = 4*v, -3*v = 4*r + 3 + 4. Calculate the remainder when 8 is divided by v.
2
Suppose 5*n + 6 - 51 = 0. Calculate the remainder when 33 is divided by n.
6
Suppose 11*k = 3*k + 928. What is the remainder when k is divided by 15?
11
Suppose -3*k + 2*k + 3*j + 38 = 0, 4*k + 3*j - 137 = 0. What is the remainder when k is divided by -2 - -2 - -15 - -3?
17
Let r(c) = -12*c + 5. Let y be r(-9). Suppose 0*q = 3*v - 2*q - y, 2*v - 72 = -2*q. Calculate the remainder when v is divided by 19.
18
Suppose -w - 135 = -2*w. What is the remainder when w is divided by 34?
33
Suppose 2*u + 2*u = 12. Let h be -2 + u - 4*1. Let w(v) = v**3 + 4*v**2 - 2*v - 4. Calculate the remainder when 21 is divided by w(h).
10
Suppose o - 5*n = 20 + 10, 0 = -3*o - 5*n + 190. What is the remainder when o is divided by 14?
13
Let c = -289 + 299. What is the remainder when (-4)/6 + (-116)/(-3) is divided by c?
8
Suppose -3*k + 6 = -0*k. Suppose 0 = b + 1 + 2, 3*o = -5*b. Calculate the remainder when o is divided by k.
1
Let x = -16 + 21. Suppose -x*m + 64 = 3*s, 3*s - 5*m + 4 = 18. What is the remainder when s is divided by ((-10)/4)/(1/(-2))?
3
Suppose 0 = -5*q + 5, 8*h + 2*q - 62 = 4*h. Let n(x) = -x**2 - 9*x - 9. What is the remainder when h is divided by n(-6)?
6
Let s = 5 - 4. Suppose 3*t - 3*m - 2*m + s = 0, 3*m - 12 = -2*t. Suppose 0 = -4*p - t*o + 82, -4*p = p - o - 112. What is the remainder when p is divided by 6?
4
Let f be ((-174)/(-4))/(-3)*-2. Let z = -5 + f. Suppose 2*m - 3 - 1 = 0, 2*k - z = -2*m. What is the remainder when k is divided by 3?
1
Let v = 35 - -23. What is the remainder when v is divided by 15?
13
Let m(d) = -3*d**2 + 31*d + 2. What is the remainder when m(9) is divided by 14?
10
Let s = -16 + 54. Let g(y) be the second derivative of y**5/20 + 5*y**4/12 - y**3/3 - 2*y**2 + 2*y. Calculate the remainder when s is divided by g(-4).
18
Let z(f) = 1. Let n(x) = -3*x + 3. Let i(t) = n(t) - 4*z(t). Calculate the remainder when 21 is divided by i(-4).
10
Let c = 21 + -17. What is the remainder when 23 is divided by c?
3
Let i = -5 + 5. Suppose 5*d - 268 - 72 = i. What is the remainder when d is divided by 23?
22
Suppose i + 2*i = -9, -4*i = 5*d + 22. Let m = 6 + d. What is the remainder when 6 is divided by m?
2
Suppose 0*v - 3*v = -9. Suppose 2*x - v*x + 4 = 0. Let p(n) = -n**3 + 4*n**2 + 4*n + 3. Calculate the remainder when p(x) is divided by 10.
9
Let f(d) = -d**2 + 5. Let o be f(0). Suppose 2*r + z = o*z + 100, -4*r - z = -164. What is the remainder when r is divided by 15?
12
Let f = -106 + 109. Suppose v = 5*v - 8. What is the remainder when (f + -3 + v)*19 is divided by 10?
8
Let m = -69 - -48. Calculate the remainder when 2/(-7) - 615/m is divided by (-42)/(-4) - (-2)/(-4).
9
Suppose 24 = -5*r + 149. Suppose 11*u = 6*u - 450. Let c = u + 163. Calculate the remainder when c is divided by r.
23
Suppose -5*o + 175 = -40. Calculate the remainder when 126 is divided by o.
40
Let x(k) = -k**2 - 5*k + 7. What is the remainder when 43 is divided by x(-4)?
10
What is the remainder when 6 is divided by 4/(-7)*(-14)/4?
0
Let z = 28 + -5. Suppose 2*c - 17 = t, -2*c + t + z = 6*t. Calculate the remainder when 33 is divided by c.
6
Suppose -6*t + 7*t = -r + 9, -20 = -3*t + 4*r. What is the remainder when t is divided by 7?
1
Let i(v) = -5*v**2 + 4*v - 4. Let x be i(3). Let z = -16 + 21. What is the remainder when x/(-4) - 2/8 is divided by z?
4
Let j(s) = -s**3 - 7*s**2 - 13*s - 5. Calculate the remainder when (-274)/(-10) - 2/5 is divided by j(-5).
7
Suppose -4*t = -2*m + 206, -6*t = m - 11*t - 109. What is t